{"id":65,"date":"2022-09-01T00:04:55","date_gmt":"2022-08-31T22:04:55","guid":{"rendered":"https:\/\/gourdon-handball.fr\/?page_id=65"},"modified":"2025-08-18T17:25:37","modified_gmt":"2025-08-18T15:25:37","slug":"structure","status":"publish","type":"page","link":"https:\/\/gourdon-handball.fr\/index.php\/structure\/","title":{"rendered":"Organigramme"},"content":{"rendered":"\n<p class=\"has-text-align-center has-small-font-size\"><em>(saison 2025-26)<\/em><\/p>\n\n\n\n<p><strong>Membres du bureau<\/strong><\/p>\n\n\n\n<hr class=\"wp-block-separator has-alpha-channel-opacity is-style-wide\"\/>\n\n\n\n<div class=\"wp-block-columns is-layout-flex wp-container-core-columns-is-layout-9d6595d7 wp-block-columns-is-layout-flex\">\n<div class=\"wp-block-column is-layout-flow wp-block-column-is-layout-flow\"><div class=\"wp-block-image\">\n<figure class=\"aligncenter size-thumbnail\"><img loading=\"lazy\" decoding=\"async\" width=\"150\" height=\"150\" src=\"https:\/\/gourdon-handball.fr\/wp-content\/uploads\/2022\/09\/logoBaW-150x150.png\" alt=\"\" class=\"wp-image-137\" srcset=\"https:\/\/gourdon-handball.fr\/wp-content\/uploads\/2022\/09\/logoBaW-150x150.png 150w, https:\/\/gourdon-handball.fr\/wp-content\/uploads\/2022\/09\/logoBaW-300x300.png 300w, https:\/\/gourdon-handball.fr\/wp-content\/uploads\/2022\/09\/logoBaW.png 347w\" sizes=\"auto, (max-width: 150px) 100vw, 150px\" \/><\/figure>\n<\/div><\/div>\n\n\n\n<div class=\"wp-block-column is-layout-flow wp-block-column-is-layout-flow\"><div class=\"wp-block-image\">\n<figure class=\"aligncenter size-thumbnail\"><img loading=\"lazy\" decoding=\"async\" width=\"150\" height=\"150\" src=\"https:\/\/gourdon-handball.fr\/wp-content\/uploads\/2022\/09\/logoBaW-150x150.png\" alt=\"\" class=\"wp-image-137\" srcset=\"https:\/\/gourdon-handball.fr\/wp-content\/uploads\/2022\/09\/logoBaW-150x150.png 150w, https:\/\/gourdon-handball.fr\/wp-content\/uploads\/2022\/09\/logoBaW-300x300.png 300w, https:\/\/gourdon-handball.fr\/wp-content\/uploads\/2022\/09\/logoBaW.png 347w\" sizes=\"auto, (max-width: 150px) 100vw, 150px\" \/><\/figure>\n<\/div><\/div>\n<\/div>\n\n\n\n<div class=\"wp-block-columns is-layout-flex wp-container-core-columns-is-layout-9d6595d7 wp-block-columns-is-layout-flex\">\n<div class=\"wp-block-column is-layout-flow wp-block-column-is-layout-flow\">\n<p class=\"has-text-align-center has-large-font-size\"><strong>Alexandre DEVIERS<\/strong><\/p>\n\n\n\n<p class=\"has-text-align-center\">Pr\u00e9sident<\/p>\n<\/div>\n\n\n\n<div class=\"wp-block-column is-layout-flow wp-block-column-is-layout-flow\">\n<p class=\"has-text-align-center has-large-font-size\"><strong>Yohann BAS<\/strong><\/p>\n\n\n\n<p class=\"has-text-align-center\">Tr\u00e9sorier<\/p>\n<\/div>\n<\/div>\n\n\n\n<div class=\"wp-block-columns is-layout-flex wp-container-core-columns-is-layout-9d6595d7 wp-block-columns-is-layout-flex\">\n<div class=\"wp-block-column is-layout-flow wp-block-column-is-layout-flow\"><div class=\"wp-block-image\">\n<figure class=\"aligncenter size-thumbnail\"><img loading=\"lazy\" decoding=\"async\" width=\"150\" height=\"150\" src=\"https:\/\/gourdon-handball.fr\/wp-content\/uploads\/2022\/09\/logoBaW-150x150.png\" alt=\"\" class=\"wp-image-137\" srcset=\"https:\/\/gourdon-handball.fr\/wp-content\/uploads\/2022\/09\/logoBaW-150x150.png 150w, https:\/\/gourdon-handball.fr\/wp-content\/uploads\/2022\/09\/logoBaW-300x300.png 300w, https:\/\/gourdon-handball.fr\/wp-content\/uploads\/2022\/09\/logoBaW.png 347w\" sizes=\"auto, (max-width: 150px) 100vw, 150px\" \/><\/figure>\n<\/div><\/div>\n\n\n\n<div class=\"wp-block-column is-layout-flow wp-block-column-is-layout-flow\"><div class=\"wp-block-image\">\n<figure class=\"aligncenter size-thumbnail\"><img loading=\"lazy\" decoding=\"async\" width=\"150\" height=\"150\" src=\"https:\/\/gourdon-handball.fr\/wp-content\/uploads\/2022\/09\/logoBaW-150x150.png\" alt=\"\" class=\"wp-image-137\" srcset=\"https:\/\/gourdon-handball.fr\/wp-content\/uploads\/2022\/09\/logoBaW-150x150.png 150w, https:\/\/gourdon-handball.fr\/wp-content\/uploads\/2022\/09\/logoBaW-300x300.png 300w, https:\/\/gourdon-handball.fr\/wp-content\/uploads\/2022\/09\/logoBaW.png 347w\" sizes=\"auto, (max-width: 150px) 100vw, 150px\" \/><\/figure>\n<\/div><\/div>\n<\/div>\n\n\n\n<div class=\"wp-block-columns is-layout-flex wp-container-core-columns-is-layout-9d6595d7 wp-block-columns-is-layout-flex\">\n<div class=\"wp-block-column is-layout-flow wp-block-column-is-layout-flow\">\n<p class=\"has-text-align-center has-large-font-size\"><strong>Denise CHARISSOU<\/strong><\/p>\n\n\n\n<p class=\"has-text-align-center\">Secr\u00e9taire<\/p>\n<\/div>\n\n\n\n<div class=\"wp-block-column is-layout-flow wp-block-column-is-layout-flow\">\n<p class=\"has-text-align-center has-large-font-size\"><strong>Wilfried ESCLAFER<\/strong><\/p>\n\n\n\n<p class=\"has-text-align-center\">Tr\u00e9sorier Adjoint<\/p>\n<\/div>\n<\/div>\n\n\n\n<div class=\"wp-block-columns is-layout-flex wp-container-core-columns-is-layout-9d6595d7 wp-block-columns-is-layout-flex\">\n<div class=\"wp-block-column is-layout-flow wp-block-column-is-layout-flow\"><div class=\"wp-block-image\">\n<figure class=\"aligncenter size-thumbnail\"><img loading=\"lazy\" decoding=\"async\" width=\"150\" height=\"150\" src=\"https:\/\/gourdon-handball.fr\/wp-content\/uploads\/2022\/09\/logoBaW-150x150.png\" alt=\"\" class=\"wp-image-137\" srcset=\"https:\/\/gourdon-handball.fr\/wp-content\/uploads\/2022\/09\/logoBaW-150x150.png 150w, https:\/\/gourdon-handball.fr\/wp-content\/uploads\/2022\/09\/logoBaW-300x300.png 300w, https:\/\/gourdon-handball.fr\/wp-content\/uploads\/2022\/09\/logoBaW.png 347w\" sizes=\"auto, (max-width: 150px) 100vw, 150px\" \/><\/figure>\n<\/div><\/div>\n\n\n\n<div class=\"wp-block-column is-layout-flow wp-block-column-is-layout-flow\"><div class=\"wp-block-image\">\n<figure class=\"aligncenter size-thumbnail\"><img loading=\"lazy\" decoding=\"async\" width=\"150\" height=\"150\" src=\"https:\/\/gourdon-handball.fr\/wp-content\/uploads\/2022\/09\/logoBaW-150x150.png\" alt=\"\" class=\"wp-image-137\" srcset=\"https:\/\/gourdon-handball.fr\/wp-content\/uploads\/2022\/09\/logoBaW-150x150.png 150w, https:\/\/gourdon-handball.fr\/wp-content\/uploads\/2022\/09\/logoBaW-300x300.png 300w, https:\/\/gourdon-handball.fr\/wp-content\/uploads\/2022\/09\/logoBaW.png 347w\" sizes=\"auto, (max-width: 150px) 100vw, 150px\" \/><\/figure>\n<\/div><\/div>\n<\/div>\n\n\n\n<div class=\"wp-block-columns is-layout-flex wp-container-core-columns-is-layout-9d6595d7 wp-block-columns-is-layout-flex\">\n<div class=\"wp-block-column is-layout-flow wp-block-column-is-layout-flow\">\n<p class=\"has-text-align-center has-large-font-size\"><strong>Doroth\u00e9e RENOU<\/strong><\/p>\n\n\n\n<p class=\"has-text-align-center\">Secr\u00e9taire Adjointe<\/p>\n<\/div>\n\n\n\n<div class=\"wp-block-column is-layout-flow wp-block-column-is-layout-flow\">\n<p class=\"has-text-align-center has-large-font-size\"><strong>Aur\u00e9lie BOS<\/strong><\/p>\n\n\n\n<p class=\"has-text-align-center\">Secr\u00e9taire Adjointe<\/p>\n<\/div>\n<\/div>\n\n\n\n<div class=\"wp-block-columns is-layout-flex wp-container-core-columns-is-layout-9d6595d7 wp-block-columns-is-layout-flex\">\n<div class=\"wp-block-column is-layout-flow wp-block-column-is-layout-flow\"><div class=\"wp-block-image\">\n<figure class=\"aligncenter size-thumbnail\"><img loading=\"lazy\" decoding=\"async\" width=\"150\" height=\"150\" src=\"https:\/\/gourdon-handball.fr\/wp-content\/uploads\/2022\/09\/logoBaW-150x150.png\" alt=\"\" class=\"wp-image-137\" srcset=\"https:\/\/gourdon-handball.fr\/wp-content\/uploads\/2022\/09\/logoBaW-150x150.png 150w, https:\/\/gourdon-handball.fr\/wp-content\/uploads\/2022\/09\/logoBaW-300x300.png 300w, https:\/\/gourdon-handball.fr\/wp-content\/uploads\/2022\/09\/logoBaW.png 347w\" sizes=\"auto, (max-width: 150px) 100vw, 150px\" \/><\/figure>\n<\/div><\/div>\n\n\n\n<div class=\"wp-block-column is-layout-flow wp-block-column-is-layout-flow\"><\/div>\n<\/div>\n\n\n\n<div class=\"wp-block-columns is-layout-flex wp-container-core-columns-is-layout-9d6595d7 wp-block-columns-is-layout-flex\">\n<div class=\"wp-block-column is-layout-flow wp-block-column-is-layout-flow\">\n<p class=\"has-text-align-center has-large-font-size\"><strong>Laura ESCLAFER<\/strong><\/p>\n\n\n\n<p class=\"has-text-align-center\">Responsable Communication<\/p>\n<\/div>\n\n\n\n<div class=\"wp-block-column is-layout-flow wp-block-column-is-layout-flow\">\n<p class=\"has-text-align-center has-large-font-size\"><\/p>\n\n\n\n<p class=\"has-text-align-center\"><\/p>\n<\/div>\n<\/div>\n\n\n\n<p><strong>Assistants<\/strong><\/p>\n\n\n\n<hr class=\"wp-block-separator has-alpha-channel-opacity is-style-wide\"\/>\n\n\n\n<div class=\"wp-block-columns is-layout-flex wp-container-core-columns-is-layout-9d6595d7 wp-block-columns-is-layout-flex\">\n<div class=\"wp-block-column is-layout-flow wp-block-column-is-layout-flow\">\n<div class=\"wp-block-columns is-layout-flex wp-container-core-columns-is-layout-9d6595d7 wp-block-columns-is-layout-flex\">\n<div class=\"wp-block-column is-layout-flow wp-block-column-is-layout-flow\"><div class=\"wp-block-image\">\n<figure class=\"aligncenter size-thumbnail\"><img loading=\"lazy\" decoding=\"async\" width=\"150\" height=\"150\" src=\"https:\/\/gourdon-handball.fr\/wp-content\/uploads\/2022\/09\/logoBaW-150x150.png\" alt=\"\" class=\"wp-image-137\" srcset=\"https:\/\/gourdon-handball.fr\/wp-content\/uploads\/2022\/09\/logoBaW-150x150.png 150w, https:\/\/gourdon-handball.fr\/wp-content\/uploads\/2022\/09\/logoBaW-300x300.png 300w, https:\/\/gourdon-handball.fr\/wp-content\/uploads\/2022\/09\/logoBaW.png 347w\" sizes=\"auto, (max-width: 150px) 100vw, 150px\" \/><\/figure>\n<\/div><\/div>\n\n\n\n<div class=\"wp-block-column is-layout-flow wp-block-column-is-layout-flow\"><div class=\"wp-block-image\">\n<figure class=\"aligncenter size-thumbnail\"><img loading=\"lazy\" decoding=\"async\" width=\"150\" height=\"150\" src=\"https:\/\/gourdon-handball.fr\/wp-content\/uploads\/2022\/09\/logoBaW-150x150.png\" alt=\"\" class=\"wp-image-137\" srcset=\"https:\/\/gourdon-handball.fr\/wp-content\/uploads\/2022\/09\/logoBaW-150x150.png 150w, https:\/\/gourdon-handball.fr\/wp-content\/uploads\/2022\/09\/logoBaW-300x300.png 300w, https:\/\/gourdon-handball.fr\/wp-content\/uploads\/2022\/09\/logoBaW.png 347w\" sizes=\"auto, (max-width: 150px) 100vw, 150px\" \/><\/figure>\n<\/div><\/div>\n<\/div>\n\n\n\n<div class=\"wp-block-columns is-layout-flex wp-container-core-columns-is-layout-9d6595d7 wp-block-columns-is-layout-flex\">\n<div class=\"wp-block-column is-layout-flow wp-block-column-is-layout-flow\">\n<p class=\"has-text-align-center has-large-font-size\"><strong><strong>N\u00e9o LOCATELLI<\/strong><\/strong><\/p>\n\n\n\n<p class=\"has-text-align-center\">Responsable P\u00f4le Arbitrage<\/p>\n<\/div>\n\n\n\n<div class=\"wp-block-column is-layout-flow wp-block-column-is-layout-flow\">\n<p class=\"has-text-align-center has-large-font-size\"><strong>R\u00e9gine ESCLAFER<\/strong><\/p>\n\n\n\n<p class=\"has-text-align-center\">Responsable du Suivi Budg\u00e9taire<\/p>\n<\/div>\n<\/div>\n<\/div>\n<\/div>\n\n\n\n<p><strong>Entra\u00eeneurs<\/strong><\/p>\n\n\n\n<hr class=\"wp-block-separator has-alpha-channel-opacity is-style-wide\"\/>\n\n\n\n<div class=\"wp-block-columns is-layout-flex wp-container-core-columns-is-layout-9d6595d7 wp-block-columns-is-layout-flex\">\n<div class=\"wp-block-column is-layout-flow wp-block-column-is-layout-flow\">\n<div class=\"wp-block-columns is-layout-flex wp-container-core-columns-is-layout-9d6595d7 wp-block-columns-is-layout-flex\">\n<div class=\"wp-block-column is-layout-flow wp-block-column-is-layout-flow\"><div class=\"wp-block-image\">\n<figure class=\"aligncenter size-thumbnail\"><img loading=\"lazy\" decoding=\"async\" width=\"150\" height=\"150\" src=\"https:\/\/gourdon-handball.fr\/wp-content\/uploads\/2022\/09\/logoBaW-150x150.png\" alt=\"\" class=\"wp-image-137\" srcset=\"https:\/\/gourdon-handball.fr\/wp-content\/uploads\/2022\/09\/logoBaW-150x150.png 150w, https:\/\/gourdon-handball.fr\/wp-content\/uploads\/2022\/09\/logoBaW-300x300.png 300w, https:\/\/gourdon-handball.fr\/wp-content\/uploads\/2022\/09\/logoBaW.png 347w\" sizes=\"auto, (max-width: 150px) 100vw, 150px\" \/><\/figure>\n<\/div><\/div>\n\n\n\n<div class=\"wp-block-column is-layout-flow wp-block-column-is-layout-flow\"><div class=\"wp-block-image\">\n<figure class=\"aligncenter size-thumbnail\"><img loading=\"lazy\" decoding=\"async\" width=\"150\" height=\"150\" src=\"https:\/\/gourdon-handball.fr\/wp-content\/uploads\/2022\/09\/logoBaW-150x150.png\" alt=\"\" class=\"wp-image-137\" srcset=\"https:\/\/gourdon-handball.fr\/wp-content\/uploads\/2022\/09\/logoBaW-150x150.png 150w, https:\/\/gourdon-handball.fr\/wp-content\/uploads\/2022\/09\/logoBaW-300x300.png 300w, https:\/\/gourdon-handball.fr\/wp-content\/uploads\/2022\/09\/logoBaW.png 347w\" sizes=\"auto, (max-width: 150px) 100vw, 150px\" \/><\/figure>\n<\/div><\/div>\n<\/div>\n\n\n\n<div class=\"wp-block-columns is-layout-flex wp-container-core-columns-is-layout-9d6595d7 wp-block-columns-is-layout-flex\">\n<div class=\"wp-block-column is-layout-flow wp-block-column-is-layout-flow\">\n<p class=\"has-text-align-center has-large-font-size\"><strong>Alexandre DEVIERS<\/strong><\/p>\n\n\n\n<p class=\"has-text-align-center\">-7, -9 et -11<\/p>\n<\/div>\n\n\n\n<div class=\"wp-block-column is-layout-flow wp-block-column-is-layout-flow\">\n<p class=\"has-text-align-center has-large-font-size\"><strong>Thomas PIO<\/strong><\/p>\n\n\n\n<p class=\"has-text-align-center\">-13 Filles<\/p>\n<\/div>\n<\/div>\n<\/div>\n<\/div>\n\n\n\n<div class=\"wp-block-columns is-layout-flex wp-container-core-columns-is-layout-9d6595d7 wp-block-columns-is-layout-flex\">\n<div class=\"wp-block-column is-layout-flow wp-block-column-is-layout-flow\">\n<div class=\"wp-block-columns is-layout-flex wp-container-core-columns-is-layout-9d6595d7 wp-block-columns-is-layout-flex\">\n<div class=\"wp-block-column is-layout-flow wp-block-column-is-layout-flow\"><div class=\"wp-block-image\">\n<figure class=\"aligncenter size-thumbnail\"><img loading=\"lazy\" decoding=\"async\" width=\"150\" height=\"150\" src=\"https:\/\/gourdon-handball.fr\/wp-content\/uploads\/2022\/09\/logoBaW-150x150.png\" alt=\"\" class=\"wp-image-137\" srcset=\"https:\/\/gourdon-handball.fr\/wp-content\/uploads\/2022\/09\/logoBaW-150x150.png 150w, https:\/\/gourdon-handball.fr\/wp-content\/uploads\/2022\/09\/logoBaW-300x300.png 300w, https:\/\/gourdon-handball.fr\/wp-content\/uploads\/2022\/09\/logoBaW.png 347w\" sizes=\"auto, (max-width: 150px) 100vw, 150px\" \/><\/figure>\n<\/div><\/div>\n\n\n\n<div class=\"wp-block-column is-layout-flow wp-block-column-is-layout-flow\"><div class=\"wp-block-image\">\n<figure class=\"aligncenter size-thumbnail\"><img loading=\"lazy\" decoding=\"async\" width=\"150\" height=\"150\" src=\"https:\/\/gourdon-handball.fr\/wp-content\/uploads\/2022\/09\/logoBaW-150x150.png\" alt=\"\" class=\"wp-image-137\" srcset=\"https:\/\/gourdon-handball.fr\/wp-content\/uploads\/2022\/09\/logoBaW-150x150.png 150w, https:\/\/gourdon-handball.fr\/wp-content\/uploads\/2022\/09\/logoBaW-300x300.png 300w, https:\/\/gourdon-handball.fr\/wp-content\/uploads\/2022\/09\/logoBaW.png 347w\" sizes=\"auto, (max-width: 150px) 100vw, 150px\" \/><\/figure>\n<\/div><\/div>\n<\/div>\n\n\n\n<div class=\"wp-block-columns is-layout-flex wp-container-core-columns-is-layout-9d6595d7 wp-block-columns-is-layout-flex\">\n<div class=\"wp-block-column is-layout-flow wp-block-column-is-layout-flow\">\n<p class=\"has-text-align-center has-large-font-size\"><strong>Yves DEMULIERE<\/strong><\/p>\n\n\n\n<p class=\"has-text-align-center\">-15 Gar\u00e7ons<\/p>\n<\/div>\n\n\n\n<div class=\"wp-block-column is-layout-flow wp-block-column-is-layout-flow\">\n<p class=\"has-text-align-center has-large-font-size\"><strong>Yohann BAS<\/strong><\/p>\n\n\n\n<p class=\"has-text-align-center\">-15 Filles<\/p>\n<\/div>\n<\/div>\n<\/div>\n<\/div>\n\n\n\n<div class=\"wp-block-columns is-layout-flex wp-container-core-columns-is-layout-9d6595d7 wp-block-columns-is-layout-flex\">\n<div class=\"wp-block-column is-layout-flow wp-block-column-is-layout-flow\">\n<div class=\"wp-block-columns is-layout-flex wp-container-core-columns-is-layout-9d6595d7 wp-block-columns-is-layout-flex\">\n<div class=\"wp-block-column is-layout-flow wp-block-column-is-layout-flow\"><div class=\"wp-block-image\">\n<figure class=\"aligncenter size-thumbnail\"><img loading=\"lazy\" decoding=\"async\" width=\"150\" height=\"150\" src=\"https:\/\/gourdon-handball.fr\/wp-content\/uploads\/2022\/09\/logoBaW-150x150.png\" alt=\"\" class=\"wp-image-137\" srcset=\"https:\/\/gourdon-handball.fr\/wp-content\/uploads\/2022\/09\/logoBaW-150x150.png 150w, https:\/\/gourdon-handball.fr\/wp-content\/uploads\/2022\/09\/logoBaW-300x300.png 300w, https:\/\/gourdon-handball.fr\/wp-content\/uploads\/2022\/09\/logoBaW.png 347w\" sizes=\"auto, (max-width: 150px) 100vw, 150px\" \/><\/figure>\n<\/div><\/div>\n\n\n\n<div class=\"wp-block-column is-layout-flow wp-block-column-is-layout-flow\"><div class=\"wp-block-image\">\n<figure class=\"aligncenter size-thumbnail\"><img loading=\"lazy\" decoding=\"async\" width=\"150\" height=\"150\" src=\"https:\/\/gourdon-handball.fr\/wp-content\/uploads\/2022\/09\/logoBaW-150x150.png\" alt=\"\" class=\"wp-image-137\" srcset=\"https:\/\/gourdon-handball.fr\/wp-content\/uploads\/2022\/09\/logoBaW-150x150.png 150w, https:\/\/gourdon-handball.fr\/wp-content\/uploads\/2022\/09\/logoBaW-300x300.png 300w, https:\/\/gourdon-handball.fr\/wp-content\/uploads\/2022\/09\/logoBaW.png 347w\" sizes=\"auto, (max-width: 150px) 100vw, 150px\" \/><\/figure>\n<\/div><\/div>\n<\/div>\n\n\n\n<div class=\"wp-block-columns is-layout-flex wp-container-core-columns-is-layout-9d6595d7 wp-block-columns-is-layout-flex\">\n<div class=\"wp-block-column is-layout-flow wp-block-column-is-layout-flow\">\n<p class=\"has-text-align-center has-large-font-size\"><strong>Daniel BREGAL<\/strong><\/p>\n\n\n\n<p class=\"has-text-align-center\">-18 Filles<\/p>\n<\/div>\n\n\n\n<div class=\"wp-block-column is-layout-flow wp-block-column-is-layout-flow\">\n<p class=\"has-text-align-center has-large-font-size\"><strong>Laura ESCLAFER<\/strong><\/p>\n\n\n\n<p class=\"has-text-align-center\">+16 Filles<\/p>\n<\/div>\n<\/div>\n<\/div>\n<\/div>\n\n\n\n<div class=\"wp-block-columns is-layout-flex wp-container-core-columns-is-layout-9d6595d7 wp-block-columns-is-layout-flex\">\n<div class=\"wp-block-column is-layout-flow wp-block-column-is-layout-flow\"><div class=\"wp-block-image\">\n<figure class=\"aligncenter size-thumbnail\"><img loading=\"lazy\" decoding=\"async\" width=\"150\" height=\"150\" src=\"https:\/\/gourdon-handball.fr\/wp-content\/uploads\/2022\/09\/logoBaW-150x150.png\" alt=\"\" class=\"wp-image-137\" srcset=\"https:\/\/gourdon-handball.fr\/wp-content\/uploads\/2022\/09\/logoBaW-150x150.png 150w, https:\/\/gourdon-handball.fr\/wp-content\/uploads\/2022\/09\/logoBaW-300x300.png 300w, https:\/\/gourdon-handball.fr\/wp-content\/uploads\/2022\/09\/logoBaW.png 347w\" sizes=\"auto, (max-width: 150px) 100vw, 150px\" \/><\/figure>\n<\/div><\/div>\n\n\n\n<div class=\"wp-block-column is-layout-flow wp-block-column-is-layout-flow\"><div class=\"wp-block-image\">\n<figure class=\"aligncenter size-thumbnail\"><img loading=\"lazy\" decoding=\"async\" width=\"150\" height=\"150\" src=\"https:\/\/gourdon-handball.fr\/wp-content\/uploads\/2022\/09\/logoBaW-150x150.png\" alt=\"\" class=\"wp-image-137\" srcset=\"https:\/\/gourdon-handball.fr\/wp-content\/uploads\/2022\/09\/logoBaW-150x150.png 150w, https:\/\/gourdon-handball.fr\/wp-content\/uploads\/2022\/09\/logoBaW-300x300.png 300w, https:\/\/gourdon-handball.fr\/wp-content\/uploads\/2022\/09\/logoBaW.png 347w\" sizes=\"auto, (max-width: 150px) 100vw, 150px\" \/><\/figure>\n<\/div><\/div>\n<\/div>\n\n\n\n<div class=\"wp-block-columns is-layout-flex wp-container-core-columns-is-layout-9d6595d7 wp-block-columns-is-layout-flex\">\n<div class=\"wp-block-column is-layout-flow wp-block-column-is-layout-flow\">\n<p class=\"has-text-align-center has-large-font-size\"><strong>Eric PONCET<\/strong><\/p>\n\n\n\n<p class=\"has-text-align-center\">+16 Gar\u00e7ons<\/p>\n<\/div>\n\n\n\n<div class=\"wp-block-column is-layout-flow wp-block-column-is-layout-flow\">\n<p class=\"has-text-align-center has-large-font-size\"><strong>Daniel BREGAL<\/strong><\/p>\n\n\n\n<p class=\"has-text-align-center\">Loisirs<\/p>\n<\/div>\n<\/div>\n","protected":false},"excerpt":{"rendered":"<p>(saison 2025-26) Membres du bureau Alexandre DEVIERS Pr\u00e9sident Yohann BAS Tr\u00e9sorier Denise CHARISSOU Secr\u00e9taire Wilfried ESCLAFER Tr\u00e9sorier Adjoint Doroth\u00e9e RENOU&hellip; <a class=\"read-more\" href=\"https:\/\/gourdon-handball.fr\/index.php\/structure\/\">Continuer la lecture<\/a><\/p>\n","protected":false},"author":1,"featured_media":0,"parent":0,"menu_order":0,"comment_status":"closed","ping_status":"closed","template":"","meta":{"footnotes":""},"class_list":["post-65","page","type-page","status-publish","hentry"],"aioseo_notices":[],"_links":{"self":[{"href":"https:\/\/gourdon-handball.fr\/index.php\/wp-json\/wp\/v2\/pages\/65","targetHints":{"allow":["GET"]}}],"collection":[{"href":"https:\/\/gourdon-handball.fr\/index.php\/wp-json\/wp\/v2\/pages"}],"about":[{"href":"https:\/\/gourdon-handball.fr\/index.php\/wp-json\/wp\/v2\/types\/page"}],"author":[{"embeddable":true,"href":"https:\/\/gourdon-handball.fr\/index.php\/wp-json\/wp\/v2\/users\/1"}],"replies":[{"embeddable":true,"href":"https:\/\/gourdon-handball.fr\/index.php\/wp-json\/wp\/v2\/comments?post=65"}],"version-history":[{"count":30,"href":"https:\/\/gourdon-handball.fr\/index.php\/wp-json\/wp\/v2\/pages\/65\/revisions"}],"predecessor-version":[{"id":1782,"href":"https:\/\/gourdon-handball.fr\/index.php\/wp-json\/wp\/v2\/pages\/65\/revisions\/1782"}],"wp:attachment":[{"href":"https:\/\/gourdon-handball.fr\/index.php\/wp-json\/wp\/v2\/media?parent=65"}],"curies":[{"name":"wp","href":"https:\/\/api.w.org\/{rel}","templated":true}]}}